5, 191
List the prime factors of 12932.
2, 53, 61
What are the prime factors of 3609?
3, 401
List the prime factors of 8252.
2, 2063
List the prime factors of 2665.
5, 13, 41
What are the prime factors of 983?
983
List the prime factors of 761.
761
What are the prime factors of 114?
2, 3, 19
List the prime factors of 151146.
2, 3, 311
List the prime factors of 14812.
2, 7, 23
What are the prime factors of 112650?
2, 3, 5, 751
What are the prime factors of 8160?
2, 3, 5, 17
List the prime factors of 3994.
2, 1997
What are the prime factors of 66367?
7, 19, 499
What are the prime factors of 561?
3, 11, 17
What are the prime factors of 3682?
2, 7, 263
List the prime factors of 8906.
2, 61, 73
List the prime factors of 1508.
2, 13, 29
List the prime factors of 4642.
2, 11, 211
What are the prime factors of 5175?
3, 5, 23
List the prime factors of 50621.
223, 227
What are the prime factors of 24181?
24181
List the prime factors of 6572.
2, 31, 53
List the prime factors of 7618.
2, 13, 293
List the prime factors of 377.
13, 29
List the prime factors of 10486.
2, 7, 107
What are the prime factors of 691?
691
What are the prime factors of 586?
2, 293
What are the prime factors of 12215?
5, 7, 349
What are the prime factors of 550?
2, 5, 11
List the prime factors of 4053.
3, 7, 193
List the prime factors of 80335.
5, 16067
What are the prime factors of 10470?
2, 3, 5, 349
List the prime factors of 40399.
71, 569
What are the prime factors of 595?
5, 7, 17
What are the prime factors of 55413?
3, 47, 131
List the prime factors of 1448.
2, 181
List the prime factors of 6825.
3, 5, 7, 13
What are the prime factors of 995?
5, 199
List the prime factors of 39318.
2, 3, 6553
What are the prime factors of 101209?
101209
List the prime factors of 2631.
3, 877
List the prime factors of 7717.
7717
What are the prime factors of 89380?
2, 5, 41, 109
What are the prime factors of 33213?
3, 11071
What are the prime factors of 44721?
3, 4969
List the prime factors of 899.
29, 31
List the prime factors of 29520.
2, 3, 5, 41
What are the prime factors of 870?
2, 3, 5, 29
What are the prime factors of 2550?
2, 3, 5, 17
List the prime factors of 2551.
2551
List the prime factors of 661.
661
List the prime factors of 3090.
2, 3, 5, 103
What are the prime factors of 20073?
3, 6691
What are the prime factors of 27810?
2, 3, 5, 103
List the prime factors of 3831.
3, 1277
What are the prime factors of 1560?
2, 3, 5, 13
List the prime factors of 11547.
3, 1283
What are the prime factors of 6001?
17, 353
What are the prime factors of 12438?
2, 3, 691
List the prime factors of 305.
5, 61
List the prime factors of 134784.
2, 3, 13
What are the prime factors of 69314?
2, 7, 4951
List the prime factors of 392.
2, 7
What are the prime factors of 422?
2, 211
List the prime factors of 7586.
2, 3793
List the prime factors of 68322.
2, 3, 59, 193
What are the prime factors of 43716?
2, 3, 3643
List the prime factors of 37385.
5, 7477
List the prime factors of 14251.
14251
List the prime factors of 25887.
3, 8629
What are the prime factors of 37078?
2, 18539
List the prime factors of 74416.
2, 4651
List the prime factors of 6989.
29, 241
List the prime factors of 4542.
2, 3, 757
What are the prime factors of 7545?
3, 5, 503
What are the prime factors of 1264?
2, 79
List the prime factors of 14944.
2, 467
List the prime factors of 19332.
2, 3, 179
List the prime factors of 37947.
3, 7, 13, 139
What are the prime factors of 47520?
2, 3, 5, 11
List the prime factors of 8654.
2, 4327
What are the prime factors of 811?
811
What are the prime factors of 1869?
3, 7, 89
What are the prime factors of 342?
2, 3, 19
What are the prime factors of 178?
2, 89
List the prime factors of 1822.
2, 911
What are the prime factors of 3116?
2, 19, 41
What are the prime factors of 29971?
17, 41, 43
What are the prime factors of 8835?
3, 5, 19, 31
What are the prime factors of 702?
2, 3, 13
List the prime factors of 10456.
2, 1307
List the prime factors of 695.
5, 139
What are the prime factors of 170611?
7, 24373
List the prime factors of 3082.
2, 23, 67
What are the prime factors of 753?
3, 251
List the prime factors of 22417.
29, 773
What are the prime factors of 410?
2, 5, 41
What are the prime factors of 3282?
2, 3, 547
What are the prime factors of 778?
2, 389
What are the prime factors of 2916?
2, 3
What are the prime factors of 61090?
2, 5, 41, 149
List the prime factors of 31497.
3, 10499
List the prime factors of 25771.
25771
What are the prime factors of 24303?
3, 8101
What are the prime factors of 3648?
2, 3, 19
List the prime factors of 16818.
2, 3, 2803
List the prime factors of 40547.
13, 3119
List the prime factors of 499.
499
What are the prime factors of 2420?
2, 5, 11
What are the prime factors of 3400?
2, 5, 17
What are the prime factors of 9042?
2, 3, 11, 137
What are the prime factors of 9799?
41, 239
What are the prime factors of 10964?
2, 2741
What are the prime factors of 96?
2, 3
What are the prime factors of 8400?
2, 3, 5, 7
List the prime factors of 1360.
2, 5, 17
What are the prime factors of 9909?
3, 367
List the prime factors of 71777.
71777
List the prime factors of 35055.
3, 5, 19, 41
What are the prime factors of 2681?
7, 383
What are the prime factors of 21803?
21803
What are the prime factors of 29736?
2, 3, 7, 59
What are the prime factors of 128199?
3, 151, 283
List the prime factors of 7129.
7129
What are the prime factors of 649?
11, 59
List the prime factors of 32770.
2, 5, 29, 113
What are the prime factors of 25470?
2, 3, 5, 283
List the prime factors of 527.
17, 31
List the prime factors of 961.
31
What are the prime factors of 989?
23, 43
What are the prime factors of 3181?
3181
What are the prime factors of 26940?
2, 3, 5, 449
What are the prime factors of 18457?
18457
List the prime factors of 19493.
101, 193
List the prime factors of 286.
2, 11, 13
List the prime factors of 78664.
2, 9833
List the prime factors of 31261.
43, 727
What are the prime factors of 1601?
1601
List the prime factors of 256.
2
List the prime factors of 2163.
3, 7, 103
List the prime factors of 333.
3, 37
List the prime factors of 9390.
2, 3, 5, 313
List the prime factors of 16728.
2, 3, 17, 41
List the prime factors of 2344.
2, 293
List the prime factors of 91743.
3, 53, 577
List the prime factors of 3334.
2, 1667
What are the prime factors of 7199?
23, 313
List the prime factors of 27929.
11, 2539
What are the prime factors of 1966?
2, 983
List the prime factors of 18088.
2, 7, 17, 19
What are the prime factors of 1219?
23, 53
List the prime factors of 7767.
3, 863
What are the prime factors of 617?
617
List the prime factors of 3854.
2, 41, 47
What are the prime factors of 100808?
2, 12601
What are the prime factors of 77851?
127, 613
What are the prime factors of 50994?
2, 3, 2833
List the prime factors of 143461.
143461
What are the prime factors of 24004?
2, 17, 353
List the prime factors of 465.
3, 5, 31
List the prime factors of 116.
2, 29
List the prime factors of 127.
127
What are the prime factors of 13933?
13933
What are the prime factors of 3717?
3, 7, 59
What are the prime factors of 31979?
113, 283
List the prime factors of 10294.
2, 5147
List the prime factors of 3649.
41, 89
What are the prime factors of 81519?
3, 29, 937
What are the prime factors of 13211?
11, 1201
List the prime factors of 1215.
3, 5
List the prime factors of 16727.
43, 389
What are the prime factors of 38898?
2, 3, 2161
What are the prime factors of 20098?
2, 13, 773
List the prime factors of 35951.
35951
List the prime factors of 1366.
2, 683
List the prime factors of 2402.
2, 1201
What are the prime factors of 27167?
7, 3881
List the prime factors of 1083.
3, 19
What are the prime factors of 74978?
2, 37489
What are the prime factors of 725?
5, 29
What are the prime factors of 3855?
3, 5, 257
What are the prime factors of 17149?
11, 1559
List the prime factors of 4597.
4597
List the prime factors of 68457.
3, 19, 1201
What are the prime factors of 699?
3, 233
List the prime factors of 96699.
3, 32233
What are the prime factors of 55389?
3, 37, 499
List the prime factors of 10877.
73, 149
What are the prime factors of 89873?
7, 37, 347
What are the prime factors of 42232?
2, 5279
What are the prime